18 - (-14 - (-59 - -20) - 3)?
-4
Calculate (0 - -16) + 27 + -4 + -27 + 2 + -130.
-116
Evaluate 91 + -76 + (-16 - -5) - (-116 + (3 - 5)).
122
What is the value of -20 + (41 - 32) + (-2 - 3)?
-16
What is the value of (-15 - 120) + -1 + 17 - -5?
-114
What is the value of 15 + (27 + -15 - 20) - 36?
-29
What is 3 + 0 - (29 - (27 + -29 + 45))?
17
Calculate 76 + -5 + -27 - 102.
-58
3 + -26 + -3 + 79 + 26 + -101
-22
What is the value of -10 + (-28 + 7 + (-13 - -21) - 89)?
-112
1 - (8 - 1 - (54 - (5 + 1)))
42
Evaluate -18 - (34 + -6 + -31) - (0 - 88).
73
What is -1 + 3 + -2 - 2 - (-5 - (2 - 15))?
-10
3 + 28 + -2 - ((-3 - (-1 + -24)) + -13)
20
86395 + -86391 + (116 - (2 - 1))
119
Evaluate (14 - -19) + (-4 + -18 - -35).
46
(37 - 15 - 17) + 25 - (0 + 8)
22
What is 87 + 23 - 102 - -30?
38
What is -19 + -154 + 88 - -220?
135
Evaluate 79 + 8 + (-2 - (-4 - (-2 + -15))).
72
What is the value of (34 - (-49 + 20)) + -23 - (-1 + 0)?
41
Evaluate (26 - 3 - -6 - (-36 - -18)) + 8.
55
What is the value of 0 + 16 + -2 - (-17 - -25 - -16)?
-10
Evaluate (20 - -31 - -36) + (-6 - -4 - 8).
77
Calculate (6 - 1 - (249 + -244)) + 7.
7
92 + -82 + -5 + (45 + -1 - (4 - 1))
46
Evaluate 1 + 157 - (497 - 454).
115
-26 - (10 + -27 + 13 + (-2 - -9) + 2)
-31
What is the value of 46 + 3 + -191 + 159 + 68?
85
-39 + 17 - 2 - (-60 + 4 + -11)
43
0 + 2 - (-16 + -4 - -3 - -70)
-51
Evaluate -1 - (4 + (-1 - 6) + (38 - 64)).
28
Calculate (-11 - (-26 + 28)) + 0 + 6 - 11.
-18
What is (48 - 0 - (-43 - -46)) + 39 + -40 - -12?
56
Calculate -3 - -4 - 9 - (-34 + 3 + 21) - -92.
94
Evaluate 5 + 0 - (35 + 27 - 54).
-3
Evaluate -32 - (3 + (1 - 0) + (52 - -7 - 69)).
-26
Evaluate 41 + 1 + -110 + 44 - (-94 + 1).
69
Calculate 23 + 29 + -1 - (0 + -23).
74
Calculate (4 - (14 - (11 + -1 - 6))) + 40.
34
What is (-64 - -67) + (3 - (-4 + 2 + 4))?
4
35 + (-95 - -29) + 18 - (0 - -23)
-36
What is 9 + (-36 + 10 - -9) - ((-61 - -6) + -9)?
56
What is the value of -7384 + 7415 - (22 + 0)?
9
Calculate -72 + (72 - (-19 - -53)).
-34
What is -135 - (-50 + (-33 - -24))?
-76
Calculate 32 - (63 + (-16 - -4) + -28).
9
What is the value of -31 + 3 + (-2 - -9) + 11?
-10
What is the value of 58 + -111 + 50 + (3 - 26) + -3?
-29
Evaluate 5 + (32 - (-9 - (-12 - -3))).
37
What is -94 - ((-121 - -14) + 36 + 37)?
-60
Evaluate 66 + -90 - (-7 + (25 - 3)).
-39
What is 6914 - 6975 - (2 + -1 - -6)?
-68
(-1 - -8) + -31 + (2 - (-11 + 11))
-22
Evaluate -1 - (-32 + 47) - -78.
62
What is -17 - (26 + (5 - 20))?
-28
Evaluate -9 + (-50 + 5 + 30 - (-21 + -3)).
0
Evaluate 36 - (-54 + 9 - -90).
-9
What is 25 + (17 + -6 - ((32 - 21) + (-2 - -5)))?
22
Evaluate 0 + 1 + 435 + -459 + 2 + 25.
4
What is 49 + (-6 - -14) + -12 + (-9 + 9 - 9)?
36
-31 - (-31 + 13) - (-3 + -1 + -3) - -69
63
101 - -8 - (-21 - -12 - -18 - (4 + -5))
99
What is -90 - (3 - (-7 - (-40 + 11)))?
-71
What is the value of 123 - ((-3 - -3) + 4 - (12 + 18 - 39))?
110
Evaluate (12 - 0) + -12 + 1 + 4 + -23.
-18
What is the value of (-3 - 1) + -1753 + 1777?
20
Calculate -12 - 127 - (-25 + -74 + 69).
-109
Evaluate -246 - -229 - (-59 - -1) - 22.
19
What is 10291 - 10250 - (0 + -54)?
95
Calculate 2 + (-12 - -1) - (193 + -314 + 141).
-29
-58 + -3 - (9 + (-5 - 3)) - (1 + 5)
-68
Calculate -47 - (4 + -1) - (0 - -19 - 30 - -17).
-56
10 - 3 - (25 - (16 - -35 - -21))
54
What is the value of 42 - 44 - (-54 + -2 - (23 - 23))?
54
What is the value of 152 + -60 + -76 - (2 + -11)?
25
Calculate -23 + (2 - 0) + -63 + (51 - -15) + 6.
-12
What is -58 + (30 - (7 + -21))?
-14
Calculate -5 - ((53 - 11) + -16 + -9) - -119.
97
56 + -8 + -178 + 34
-96
Evaluate -13 + -27 + -10 - -3.
-47
What is -19 + 4 - (-335 - -295) - 26?
-1
-30 - (24 + -85) - 55 - -23
-1
Calculate -798 + 769 + 2 + (35 - 2).
6
What is the value of 39 + 4 + (5 - 4) + 79 + -97?
26
Calculate 0 + -6 + (12 - 15) + -6 + -68.
-83
What is the value of -24 + (1 - -19) - (-2 + (1 - (-33 + 2)))?
-34
Evaluate -1 + -83 - (37 - (-30 + 108 + -42)).
-85
What is (1 + -140 - (22 + -43 + 13)) + (-2 - 5)?
-138
20 + -25 + 11 + (1 - 1) + -2 + -38
-34
What is -5 + (-4 + -5 - -3) + 488 + -470?
7
55 - (51 - 82 - -45)
41
40 + 111 + -116 + -20 + -2
13
43 - 9 - (-23 + (-14 - (-26 - -9)))
54
Evaluate (2 - -61) + (33 + 5 - 70).
31
What is -2 + -18 + (30 - 22 - 13 - 80)?
-105
(-14 - -5) + (-26 - 62)
-97
-68 - (-23 - (44 + -32 - 30))
-63
What is the value of 64 + -70 + (12 - -12) + 16?
34
What is 18 + 1 + -56 + 23 + 9 + -25?
-30
Evaluate 11 - (-4 + (11 - (8 - (1 - (-7 + 14))))).
18
What is the value of 34 + 17 + -33 - (-30 + -21)?
69
What is -12 + (-21 - -53) - 30?
-10
What is the value of -95 + -1 + 0 + (-46 - ((12 - 1) + -49))?
-104
Evaluate -2 - -1 - (0 + 0) - (-1356 + 1305).
50
What is the value of 24 + (47 - (29 - -12)) + 41?
71
-52 + (-45 - -94) - (1 - 21) - -11
28
What is 808 - 907 - (2 + -211)?
110
(1 - -5) + -3 + -14 - (25 - (66 + -18))
12
(-54 + 149 - 91) + -28
-24
14 - (-4 - (-20 + 25 - 8))
15
What is the value of 120 - 121 - -297 - 148?
148
Evaluate 1287 + -1306 + (-8 - 9 - (0 - 1)).
-35
What is -74 + 28 + 19 - 18?
-45
What is (194 - 104 - 69) + -9 + -2?
10
What is the value of 18 + (4 - 39) + 89 - 42?
30
Evaluate 40 - 100 - -136 - 150.
-74
Calculate -7 + 55 + (31 - 54).
25
What is 5 + -11 + 17 - 15 - 38?
-42
72 + (-56 - (-77 + 179))
-86
-73 - (114 + -156) - -56
25
What is the value of -2 + -36 + (-16 - -15) + -5 + 1 + 3?
-40
What is 21 + 6 + (24 - (10 + 25))?
16
(-77 - (4 + 1 + 3)) + 0 - (88 - 95)
-78
What is the value of 14 - (1 + 0 - -36 - -36)?
-59
What is the value of 997 + -909 - (123 + -13)?
-22
Calculate 12 + (2 - (27 + -18)) + -61 + 3.
-53
What is -438 - -517 - (-10 - (-4 - 0))?
85
What is the value of -1 + 53 - (-14 - (15 + -21 + -5))?
55
Evaluate -21 + (-301 - -293 - (-15 + (-6 - -4))).
-12
Evaluate 4 + 0 + (57 - (-73 - -98)).
36
Calculate -2 - (-1 + 2) - (64 - (-31 + -4 + 45)).
-57
What is 31 - (2 + -54 - (-201 - -213))?
95
122 - ((-29 - -8) + 7 + 50)
86
What is 12 - (-80 - ((3 + 1 - 2) + (-37 - -37)))?
94
Evaluate 105 + -354 - -250 - (-1 + (1 - -1) + 51).
-51
Calculate 1 + 21 + (-90 - -78) + -75.
-65
What is the value of (13 - 1) + -49 + 3 + -1060 + 1040?
-54
-68 + (-98 - (-284 - -29))
89
Calculate -55 + -35 + 36 - (1 + 0 + 64 + -58).
-61
What is (16 - (14 + -15)) + 61 + -13?
65
What is (-28 - -27) + 21 - (2 + -13)?
31
Calculate -43 + (2 + -6 + 8 - (4 - 2)).
-41
What is 109 - (-5 + 53) - (12 + 2)?
47
(-3893 - -4006) + (-2 - 130)
-19
Evaluate 16 + 26 - (-145 - -198).
-11
Evaluate (-5 - 0) + ((3 - 3) + 7 - (-3 - -7)).
-2
Calculate -65 + (-7 - (12 + -1 + -26) - 5) + -17.
-79
(-70 - -131) + -31 - 4
26
Evaluate -3034 + 3156 + (0 - 65).
57
What is the value of -9 + -6 + (-5 + -8 - -8) + 0 + 6?
-14
What is 77 - (29 + 22 + -30)?
56
Evaluate -23 + 12 + (63 - 61 - (15 - -1)).
-25
Evaluate 26 - (60 + -49) - -36.
51
Calculate -8 + 10 - (-2 - ((9 - 1) + 4) - -7).
9
Evaluate -40 - (-11 - 15 - 28).
14
What is -1 - (-4 + (-87 - (40 + -34)))?
96
Evaluate (102 - 4) + (45 - 37) + -36.
70
Evaluate 0 - (-82 + 31 + 14) - 12.
25
Calculate 13 - (45 - (126 - (-12 + 16))).
90
Evaluate 11 + (-10 - (42 - 69)).
28
Calculate (20 + -61 - -101) + 6.
66
1 + -30 - (-46 - (-118 + 65))
-36
What is 11 + -4 - ((44 - -5) + -15)?
-27
Calculate 27 - (1 + 8 + 3 + (-425 - -429)).
11
What is the value of 16 - (1 + 2 - (-190 - -175)) - -42?
40
Evaluate -11 - (-7 - (-22 + 30)) - (1 - -37).
-34
Calculate 1 - 57 - (17 - 35 - (-5 + (-1 - 11))).
-55
-4 - (29 + -17 + -11) - -8
3
Evaluate -42 - (440 + -430 + (0 - (9 + -2))).
-45
-58 + -61 + 168 - (1 - 10)
58
Evaluate (-2 + 0 + 6 - (1 - 2)) + (-61 - -24).
-32
Evaluate (-6 - (2 + -4 + -2 - 3)) + (-64 - -14).
-49
What is the value of 23 - (-21 + -32 + 50)?
26
What is the value of 44 - (-17 - (-32 + -25))?
4
(-19 - -68 - 1) + -13
35
(62 - 96 - 12) + 96
50
What is (4 - (-33 + 100)) + -17?
-80
Evaluate -45 + 7 + (4 - (15 - (-1 + 17 + -10))).
-43
What is 12 - (5 - -7) - -7 - -10?
17
Calculate -3 + 7 - -8 - (-238 + 199).
51
-2 + -9 + (-123 - -63)
-71
29 + (-30 - 0) + -66
-67
(18 - (32 + 34)) + 2 + -2
-48
What is (1 - -31) + -259 + 154?
-73
What is 95 - (-21 + (1 + -3 - (33 - 37)))?
114
Calculate (-9 - 13) + -47 - -30 - 12.
-51
Evaluate 21 + -34 - -17 - 113 - 6.
-115
Evaluate (-52 - 2) + (-222 - -287).
11
What is 66 + -87 + 11 - (0 - (-1 + 1))?
-10
What is the value 